{"id":47,"date":"2014-02-12T08:54:26","date_gmt":"2014-02-12T06:54:26","guid":{"rendered":"http:\/\/aufwind-ev.org\/wordpress\/?page_id=47"},"modified":"2017-04-25T20:06:49","modified_gmt":"2017-04-25T18:06:49","slug":"gruendung","status":"publish","type":"page","link":"https:\/\/aufwind-ev.org\/?page_id=47","title":{"rendered":"Gr\u00fcndung"},"content":{"rendered":"<h1>Das Gr\u00fcndungsjahr<\/h1>\n<p>Nach monatelangen, guten Vor\u00fcberlegungen fahren am Wochenende des 18.\/19. August 2001 neun Personen in die Evangelische Jugendbildungsst\u00e4tte Hackhauser Hof, um dort den F\u00f6rderverein Aufwind e.V. zur Unterst\u00fctzung der Kinder- und Jugendarbeit f\u00fcr die Leverkusener Stadtteile Schlebusch, Alkenrath und die Waldsiedlung zu gr\u00fcnden.<\/p>\n<p><img loading=\"lazy\" decoding=\"async\" class=\"alignright size-medium wp-image-154\" src=\"http:\/\/aufwind-ev.org\/wp-content\/uploads\/2014\/02\/a_arbeitsrunde-300x252.jpg\" alt=\"a_arbeitsrunde\" width=\"300\" height=\"252\" srcset=\"https:\/\/aufwind-ev.org\/wp-content\/uploads\/2014\/02\/a_arbeitsrunde-300x252.jpg 300w, https:\/\/aufwind-ev.org\/wp-content\/uploads\/2014\/02\/a_arbeitsrunde.jpg 308w\" sizes=\"auto, (max-width: 300px) 100vw, 300px\" \/>Im Besonderen liegt uns die F\u00f6rderung der Kinder- und Jugendarbeit in der Ev. Kirchengemeinde Leverkusen-Schlebusch, zu der diese drei Stadtteile geh\u00f6ren, am Herzen. Aber auch au\u00dferhalb des gemeindlichen Rahmens wollen wir Impulse geben.<\/p>\n<p>Der Name Aufwind wird gefunden, Satzung und Gr\u00fcndungsprotokoll werden verabschiedet.<\/p>\n<p>Die neun Gr\u00fcndungsmitglieder plus ein zehntes am Telefon gr\u00fcnden den F\u00f6rderverein Aufwind, der so schnell wie m\u00f6glich als gemeinn\u00fctzig anerkannt und ins Vereinsregister eingetragen werden soll.<\/p>\n<p><a href=\"http:\/\/aufwind-ev.org\/wp-content\/uploads\/2014\/02\/gruenderphoto2.jpg\"><img loading=\"lazy\" decoding=\"async\" class=\"alignleft size-medium wp-image-146\" src=\"http:\/\/aufwind-ev.org\/wp-content\/uploads\/2014\/02\/gruenderphoto2-300x190.jpg\" alt=\"gruenderphoto2\" width=\"300\" height=\"190\" srcset=\"https:\/\/aufwind-ev.org\/wp-content\/uploads\/2014\/02\/gruenderphoto2-300x190.jpg 300w, https:\/\/aufwind-ev.org\/wp-content\/uploads\/2014\/02\/gruenderphoto2.jpg 731w\" sizes=\"auto, (max-width: 300px) 100vw, 300px\" \/><\/a>Der erste Vorstand wird gew\u00e4hlt. Er besteht aus: Wilhelm Schl\u00fcter (1.Vorsitzender), Stefan Lapke (2. Vorsitzender), Holger Oberkirch (Schatzmeister) und Daniela Schulten (Schriftf\u00fchrerin). Die Beauftragung f\u00fcr den Kontakt mit der Presse geht an Andreas Schulten. Alle anderen Gr\u00fcndungsmitglieder werden vor dem Hintergrund ihres besonderen Engagements (und satzungsgem\u00e4\u00df) in den erweiterten Vorstand oder als Kassenpr\u00fcfer berufen.<\/p>\n<p>Kurz vor Weihnachten bestreitet der Gospel-Chor \u201eThe Blue Mountain Singers\u201c sein Konzert in der Friedenskirche der Waldsiedlung. Der Erl\u00f6s geht als Spende und Starthilfe an Aufwind. Zum Ende des Jahres werden Planungen f\u00fcr eine gro\u00dfe Startveranstaltung konkreter.<\/p>\n<p>Mitglieder: Die zehn Gr\u00fcndungsmitglieder bleiben bis zum Ende des Jahres 2001 unter sich. Die weitere Entwicklung: Das Konzept des Vereins geht auf. Mit der Entwicklung der Entw\u00fcrfe f\u00fcr einen Beitritts- und Werbeflyer treten schon zu Beginn des Jahres 2002 erste Mitglieder dem Verein bei. Im Umfeld der gelungenen Startveranstaltung werden weitere Mitglieder gewonnen. <strong>Am 25. Januar\u00a02017 z\u00e4hlt Aufwind e.V.\u00a0170 Mitglieder!<\/strong><\/p>\n<p>Wir haben eine \u00f6ffentlichkeitswirksame Startveranstaltung am 15. M\u00e4rz 2002 inszeniert und durchf\u00fchrt. Eine Pressekampagne inkl. Pressekonferenz hat dies effektiv unterst\u00fctzt. F\u00f6rderziele f\u00fcr 2002 wurden benannt und der \u00d6ffentlichkeit vorgestellt. Weitere konkrete F\u00f6rderziele sollen insbesondere mit den neu zu gewinnenden Mitgliedern entwickelt und verwirklicht werden. Vorrangige F\u00f6rderziele sind vorerst:<\/p>\n<p>-Die Installierung einer Kletterlandschaft (mit regelm\u00e4\u00dfiger fachlicher Betreuung) in Alkenrath<\/p>\n<p>-Die F\u00f6rderung der \u00dcber-Mittag-Betreuung in Schlebusch (in Kooperation mit der Gemeinschaftsgrundschule)<\/p>\n<p>-Der Verein steht als Kooperationspartner f\u00fcr bereits bestehende Projekte zur F\u00f6rderung der Kinder- und Jugendarbeit in Alkenrath, Schlebusch und der Waldsiedlung zur Verf\u00fcgung.<\/p>\n<p>&nbsp;<\/p>\n","protected":false},"excerpt":{"rendered":"<p>Das Gr\u00fcndungsjahr Nach monatelangen, guten Vor\u00fcberlegungen fahren am Wochenende des 18.\/19. August 2001 neun Personen in die Evangelische Jugendbildungsst\u00e4tte Hackhauser Hof, um dort den F\u00f6rderverein Aufwind e.V. zur Unterst\u00fctzung der Kinder- und Jugendarbeit f\u00fcr die Leverkusener Stadtteile Schlebusch, Alkenrath und die Waldsiedlung zu gr\u00fcnden. Im Besonderen liegt uns die F\u00f6rderung der Kinder- und Jugendarbeit in [&hellip;]<\/p>\n","protected":false},"author":1,"featured_media":0,"parent":16,"menu_order":0,"comment_status":"closed","ping_status":"closed","template":"","meta":{"footnotes":""},"class_list":["post-47","page","type-page","status-publish","hentry"],"_links":{"self":[{"href":"https:\/\/aufwind-ev.org\/index.php?rest_route=\/wp\/v2\/pages\/47","targetHints":{"allow":["GET"]}}],"collection":[{"href":"https:\/\/aufwind-ev.org\/index.php?rest_route=\/wp\/v2\/pages"}],"about":[{"href":"https:\/\/aufwind-ev.org\/index.php?rest_route=\/wp\/v2\/types\/page"}],"author":[{"embeddable":true,"href":"https:\/\/aufwind-ev.org\/index.php?rest_route=\/wp\/v2\/users\/1"}],"replies":[{"embeddable":true,"href":"https:\/\/aufwind-ev.org\/index.php?rest_route=%2Fwp%2Fv2%2Fcomments&post=47"}],"version-history":[{"count":8,"href":"https:\/\/aufwind-ev.org\/index.php?rest_route=\/wp\/v2\/pages\/47\/revisions"}],"predecessor-version":[{"id":306,"href":"https:\/\/aufwind-ev.org\/index.php?rest_route=\/wp\/v2\/pages\/47\/revisions\/306"}],"up":[{"embeddable":true,"href":"https:\/\/aufwind-ev.org\/index.php?rest_route=\/wp\/v2\/pages\/16"}],"wp:attachment":[{"href":"https:\/\/aufwind-ev.org\/index.php?rest_route=%2Fwp%2Fv2%2Fmedia&parent=47"}],"curies":[{"name":"wp","href":"https:\/\/api.w.org\/{rel}","templated":true}]}}